 factors of d?
61
List the prime factors of 19206889/1105 - ((-8)/(-10) + -1).
2, 3, 2897
Let x be (-8)/(-6)*(8/16 - -1). Suppose 0 = x*w + 5*l - 137, l - 5 = 2*l. Let n = 17 + w. What are the prime factors of n?
2, 7
Suppose -4*g + 4*m + 8 = 0, -7 + 3 = -2*g + 3*m. Let j be 41 + 0 + 0/(-1) + g. Suppose j*p = 44*p - 78. What are the prime factors of p?
2, 3, 13
Let p(i) = -i**3 - i - 1. Let v be p(0). Let f = 2535 - 2531. List the prime factors of -36*(2 + 9)*v/f.
3, 11
Suppose 0 = n - 3 - 3. Let a(w) = -46*w - 34. Let f be a(n). Let m = f - -559. List the prime factors of m.
3, 83
Let i(u) = -u**3 + 12*u**2 - 5*u - 57. Let f be i(11). Suppose 3023 + 3520 = f*d. List the prime factors of d.
727
Let z(k) = 191*k**3 + k**2 - k. Let f be z(1). Suppose -i - 16 = -f. Let n = i - 93. List the prime factors of n.
2, 41
Let q(a) = -a**3 - 13*a**2 + 33*a + 8. Let o be q(-17). Suppose 129 = 2*m - o. List the prime factors of m.
2, 3, 61
Suppose -2*n + 4727 = 3*g, -3944 = -2*g + 3*n - 784. What are the prime factors of g?
19, 83
Let r be (25/(-50))/((-1)/2)*211. Suppose -5*x = -r - 234. List the prime factors of x.
89
Let o = -8 - -11. Suppose -240 = -132*i + 162*i. What are the prime factors of -4 - -7 - 3/(o/i)?
11
Suppose -11*z + 72 = -16. List the prime factors of 3 + 2*(-20)/z + 617.
3, 5, 41
Suppose -5*s + 18402 = -28923. Suppose -17*z = -6498 - s. List the prime factors of z.
3, 313
Let g = 14136 - 3286. What are the prime factors of g?
2, 5, 7, 31
Let v = -10 + 25. Suppose -27 = -5*j - 2. What are the prime factors of (j/v)/(1/171)?
3, 19
Let y(x) = 37*x**2 - 21*x - 93. List the prime factors of y(-17).
10957
Suppose 0 = -d - 1, 0*d + 11 = 2*p + d. List the prime factors of (2/p)/(6/3546).
197
Suppose 2033 = 11*d - 19098. Suppose -4*z + 2536 = -5*m, -4*z - m = -z - d. List the prime factors of z.
3, 71
Suppose -40*l - 33*l + 1711448 = -11*l. What are the prime factors of l?
2, 67, 103
Suppose 0 = -10*u + 83193 + 51787. What are the prime factors of u?
2, 17, 397
Suppose p - 181428 = -5*x, -589*x + 2*p + 72588 = -587*x. What are the prime factors of x?
131, 277
Let q(g) = 35*g + g**2 - g**2 - 43*g - 7*g**2 + g**3. Let b be q(8). Suppose b*x - 38 = -x. List the prime factors of x.
2, 19
Suppose -4*l + 18 = 5*m, 8 = -8*m + 12*m. Suppose 4*t - 4*k = 920, -l*k = -5*k - 12. List the prime factors of t.
2, 113
Let g = 5122 - 887. List the prime factors of g.
5, 7, 11
Let r = -11693 - -12224. What are the prime factors of r?
3, 59
Suppose 0 = -3*h - 15, -z + 3*h = 535 - 1652. What are the prime factors of z?
2, 19, 29
Suppose -3*x + 20 + 64 = 0. Let q = 31 - x. Suppose 0 = -2*o - q*k + 128, -5*o - 2*k + 4*k = -358. List the prime factors of o.
2, 5, 7
Let n(v) = -3*v + 117 - 110 - 18*v. What are the prime factors of n(-3)?
2, 5, 7
Let a(p) = p**3 + 7*p**2 - p - 8. Suppose 2*h = 2*l + 210 + 78, h = 0. Let f = -149 - l. What are the prime factors of a(f)?
47
Let r = -29034 - -51708. What are the prime factors of r?
2, 3, 3779
Suppose -2*x - 43 = -3*s + 33, 2*x = -s + 12. Suppose 5880 = s*v - 10334. List the prime factors of v.
11, 67
Suppose 17680746 = 195*a + 243*a. What are the prime factors of a?
37, 1091
Suppose -u = 5*q - 47 + 18, 5*q + 5*u - 25 = 0. Let g(a) = -11*a + 12. Let m(b) = -21*b + 21. Let s(d) = 5*g(d) - 3*m(d). List the prime factors of s(q).
3, 5
Let c be 0*(5/(-2))/(-5). What are the prime factors of -2*18/12 + 293 + c?
2, 5, 29
What are the prime factors of (-41304)/(-16) - (264/(-16))/11?
3, 7, 41
Let f = -1198 + 612. Let c = f + 706. List the prime factors of c.
2, 3, 5
Let o(j) = j + 63. Let d be o(-38). What are the prime factors of ((-240)/d)/3*1245/(-6)?
2, 83
List the prime factors of 4/(-20 + 13923/696).
2, 29
Suppose 3*c + 0*c = 3*o + 15, -10 = 4*o - 2*c. Suppose -8*i - 323 + 3379 = o. What are the prime factors of i?
2, 191
Suppose -2546664 = -32*i - 55*i. List the prime factors of i.
2, 3659
Suppose 0 = 3*a + 215 + 43. Let n = 32 + a. What are the prime factors of 2/3*n/(-2)?
2, 3
Let j be (13 + (-3)/1)*(7 - 6). Let v = j + 938. List the prime factors of v.
2, 3, 79
Let t(n) = -12*n + 495 - 3*n - 422. What are the prime factors of t(-21)?
2, 97
Let g(o) = 130*o - 27. Let y be g(-7). What are the prime factors of (-6)/24*y - 3/(-4)?
5, 47
Suppose -z - 29 = -17. Let w(h) = -h**2 - 12*h - 5. Let q be w(z). List the prime factors of q/10*0 + 196.
2, 7
Suppose 76*r - 79*r - 5*h + 93570 = 0, -5*r + 155990 = -5*h. What are the prime factors of r?
5, 17, 367
Suppose -10 = -7*g + 4. Suppose 1444 = 4*t - 5*i, 0*i = 5*t + g*i - 1838. Suppose 0 = 2*f - k - 3*k - 268, 3*f - t = -3*k. List the prime factors of f.
2, 3, 7
Suppose -33*c - 524 - 37 = 0. What are the prime factors of 105720/170 + (-2)/c?
2, 311
Let n = -6 - -4. Let h be 7/2*(6 + n). Suppose -h*w + 196 + 364 = 0. What are the prime factors of w?
2, 5
Let g = -4914 + 10633. What are the prime factors of g?
7, 19, 43
Let o = -11711 + 29063. What are the prime factors of o?
2, 3, 241
Let l(u) = 1181*u**2 + 3*u + 2. Suppose -2*i + s - 1 = 0, 0 = -5*i - s - 0*s - 6. What are the prime factors of l(i)?
2, 5, 59
Let l(d) = d**3 - 3*d**2 - 4*d + 5. Let m be l(4). Suppose m*j = 1335 + 70. What are the prime factors of j?
281
Let t(s) be the third derivative of -7*s**6/24 + s**5/10 + 11*s**4/24 + 5*s**3/6 - 43*s**2. List the prime factors of t(-2).
7, 41
Let u be (1272/(-9))/((-2)/33). Suppose -35*b = -13*b - u. What are the prime factors of b?
2, 53
List the prime factors of 3192716/176 - (-189)/108 - 2/11.
2, 47, 193
Let c(g) = -22 - 268*g**2 - 10*g + g**3 + 145*g**2 + 140*g**2. Suppose -32 - 19 = 3*b. List the prime factors of c(b).
2, 37
Let p(i) = i**3 + 21*i**2 - 21*i + 14. Let n be p(-22). Let z = n + 13. Suppose -5*o + 170 = -z. List the prime factors of o.
5, 7
Let j = 2978 + -1320. Suppose 5360 - j = 5*d + 4*w, -5*d + 3687 = -w. What are the prime factors of d?
2, 3, 41
Suppose -17*t = -19*t + 14462. List the prime factors of t.
7, 1033
Suppose 0 = 2*r + 5*i - 12904, 0*i - 4*i = -3*r + 19310. List the prime factors of r.
2, 3221
Let k = -996 + 610. Let d be -4*1/(2/108). Let h = d - k. List the prime factors of h.
2, 5, 17
Let t = 9 + -14. Let d = t - 6. Let r(j) = -j**3 - 11*j**2 - 7*j - 6. What are the prime factors of r(d)?
71
Suppose -56 + 49 = -7*i. Let g(o) = 318*o**2 + o + 1. List the prime factors of g(i).
2, 5
Let r(b) = 530*b. Let k be r(2). List the prime factors of k/(-15)*(-7 - -4).
2, 53
Suppose 43*b - 28368 + 1751 = 0. What are the prime factors of b?
619
Let y(t) = -136*t**3 + 7*t**2 - 5*t + 5. Let h(i) = 136*i**3 - 8*i**2 + 6*i - 6. Let g(b) = -5*h(b) - 6*y(b). What are the prime factors of g(2)?
2, 3, 5
Suppose 7*b - 27*k - 110499 = -32*k, 5*b + k = 78915. What are the prime factors of b?
2, 13, 607
What are the prime factors of ((-40)/(-15))/(-2 + 2 - 28/(-336))?
2
What are the prime factors of -8 - (-25)/5 - ((-16)/(-4) - 18778)?
3, 6257
Suppose 2*a + 2*d - 5854 - 30078 = 0, 3*a - 53896 = -4*d. Suppose -44*f = -28*f - a. What are the prime factors of f?
1123
Suppose w + 95 = o, 5*w - 15 = -5. Suppose q = 103 + o. What are the prime factors of q?
2, 5
Suppose 209*r = 217*r - 32. Suppose r*c = -2*u + 1876, 4*u = -2*c + 3370 + 352. List the prime factors of u.
2, 29
What are the prime factors of 8797 + -1*7*(-13 + 33)/(-20)?
2, 31, 71
Suppose 4*r + j + 117 = -116, -3*r - 175 = j. Let q = -54 - r. Suppose 0 = q*c + 21 - 173. List the prime factors of c.
2, 19
Let h(c) = -34*c - 7. Let x(t) = -t - 9. Let i be x(-5). Let f be h(i). Let y = f - 68. List the prime factors of y.
61
Suppose 3*q - 4782 = -2*w, w + 0*w = -q + 2392. Suppose -3*a + 3*t + w = 0, -a + 2*a - 798 = 5*t. List the prime factors of a.
2, 3, 7, 19
Suppose -903*p = -978*p + 1104675. What are the prime factors of p?
11, 13, 103
Let w(k) be the first derivative of 1/2*k**2 + 0*k + 25 + 2/3*k**3 - 39/4*k**4. What are the prime factors of w(-1)?
2, 5
Let h(p) = 4*p**2 - p. Let f(a) = -19*a**2 + 4*a + 1211. Let b(z) = f(z) + 5*h(z). What are the prime factors of b(0)?
7, 173
Let f = 761 + -509. Let u = f - 225. List the prime factors of u.
3
Let i(w) be the second derivative of 14*w - 2/3*w**3 + 0 + 86*w**2 - 1/12*w**4. List the prime factors of i(0).
2, 43
Let l(x) = -67*x**3 - 13*x**2 - 261*x + 